*v**t - 6*v + v**3 + 6*v**2 + 6. What is y(f)?
-3
Suppose -2*c = -3*z + 25, 0 = 3*c - z + 5*z - 5. Let t = -5 - -5. Let s(g) = -g**3 - 2*g + 1 - 5*g**2 + 3*g + t*g. Calculate s(c).
-4
Let j(c) = -4*c + 4 + 2*c**2 - 7 - 3*c**2 - 3. Suppose 4*o = -o + 2*h - 30, -3*o - 2 = 2*h. Determine j(o).
-6
Let y(j) be the second derivative of j**4/12 + j**3/6 - 2*j**2 + 3*j - 6. Suppose -2*l = -3*l. Give y(l).
-4
Let z(q) = -18*q + q**2 - 10 + 17*q + 8*q. Let k(s) = -7*s**2 - 1. Let j be k(1). Determine z(j).
-2
Let q be (4/(-5) - -1) + 424/530. Let j(o) be the second derivative of 11*o**4/12 - o**3/6 + o**2/2 + 4*o. Calculate j(q).
11
Let f(g) = -3*g - 8. Let h(l) = -5*l - 14. Let k(o) = 7*f(o) - 4*h(o). Determine k(-6).
6
Let t(o) be the third derivative of 1/2*o**3 - 1/24*o**4 - 4*o**2 + 0 + 0*o - 1/60*o**5. Let h be t(0). Let r(f) = f**2 - 2*f. Give r(h).
3
Let t be 11/3 - (-10)/(-15). Let k(b) = -b**3 + 8*b + 2. Let i(f) = f**2 + f - 1. Let s(o) = t*i(o) - k(o). Determine s(-4).
-1
Let a(q) = q**2 - 4*q + 2. Let t be (-3)/12*0 - -2. Suppose t*f - 7 = -3. Calculate a(f).
-2
Let q(m) = -m**3 - 15*m**2 - 20*m. Let f(k) = 3*k**3 + 8*k**2 - 25*k - 80. Let z be f(-3). Calculate q(z).
84
Let r(z) = -8*z - 4*z**2 - 5*z - 5*z + 0*z**2 + 24*z - 5. What is r(3)?
-23
Let t(f) = 5*f**2 - 4*f - 3. Let m(u) = -14*u**2 + 11*u + 9. Let j(d) = 4*m(d) + 11*t(d). Let l be -13 + 23 + 20/(-2). Determine j(l).
3
Let x(m) = 2*m - 3. Let q be x(5). Let n(i) = -i - 2. Let y be n(q). Let u = y - -4. Let k(a) = a**3 + 4*a**2 - 5*a - 6. Give k(u).
-6
Let m(n) = 3*n**3 + n**2 - 1. Suppose -7*g + 6*g = -5*y + 6, -4 = 4*g. What is m(y)?
3
Let j(l) = -2*l**3 - 39*l**2 + 18*l - 27. Let u be j(-20). Let m(n) = -n**3 + 13*n**2 - n - 1. Determine m(u).
-14
Suppose -19*c - 12 - 64 = 0. Suppose -2*v - 24 = v. Let t be v*3/(-16)*c. Let y(z) = z + 8. What is y(t)?
2
Let d(l) be the first derivative of -3*l**2/2 + 28*l - 8. Let o be d(8). Let j(f) be the second derivative of -f**4/12 + 5*f**3/6 + 2*f. What is j(o)?
4
Let x(i) be the second derivative of -17/6*i**3 - 1/2*i**2 + 0 + 16*i. Calculate x(1).
-18
Let f = -568 + 17041/30. Let a(c) be the third derivative of 0 - f*c**5 + 0*c - 1/2*c**3 - 7*c**2 + 5/24*c**4. Calculate a(3).
-6
Suppose 5*r + 4*u - 25 = -6, 3*r - 11 = -2*u. Let n(t) = 4*t**r - 19*t - 5 + 4 + 12*t + 8*t. Calculate n(1).
4
Let s be 1434/(-15) - (3 + (-13)/5). Let n be s/(-30) + -3 - (-31)/(-5). Let q(b) = -b**2 - 6*b + 5. Give q(n).
5
Let j be 6*(-6)/(-9) - 0. Suppose -3*a + s + 1 = -2*a, 0 = a + j*s - 16. Let m(b) = b + 12 - b + b - 14. Determine m(a).
2
Let s(o) be the second derivative of o**3/6 - 7*o**2/2 - 2*o. Suppose 26 = 2*z - 2*n, -5*n + 10 = 25. Let x = z - 10. Give s(x).
-7
Let f(u) = -u**3 - 17*u**2 - 17*u - 4. Let s be f(-16). Let w = -18 + s. Let m(q) = q**2 + 3*q - 6. Calculate m(w).
12
Suppose -20 = 5*k, 0 = -2*h - k + 4 - 2. Suppose 5*g + h - 26 = 4*m, 6 = 4*g + 3*m. Let n(z) = g*z + 5*z + 3*z**2 - 7*z + z**3. Give n(-2).
2
Let q(j) be the third derivative of j**6/360 - 7*j**5/120 + j**4/24 + 2*j**3 - 3*j**2. Let d(t) be the first derivative of q(t). Calculate d(5).
-9
Let l(k) = -2*k + 4. Suppose 12*w - 54 = 6*w. Let j(f) = 4*f - 33. Let b be j(w). Calculate l(b).
-2
Let w(j) = j**2 - 4*j - 2. Let d(m) = -m**3 + 4*m**2 + 7*m - 7. Let s(q) = -q**2 + 6*q + 5. Let a be s(6). Let k be d(a). Give w(k).
-5
Let f(w) be the second derivative of -w**4/12 + 3*w**3/2 - 2*w**2 + 186*w. Determine f(6).
14
Let x(r) = -44*r - 11*r**3 - 1 + 5*r**2 - 6*r**2 + 46*r. Determine x(1).
-11
Let v(b) be the second derivative of -b**4/24 - 2*b**3/3 + 5*b**2 - 22*b. Let i(l) be the first derivative of v(l). What is i(-5)?
1
Let x(o) = -29 + 225*o + 32 - 226*o. Calculate x(2).
1
Let b(p) = -2*p**3 + 2*p**2 - 12*p - 5. Let n(j) = j**3 + j**2 + j. Let i(c) = -b(c) - 3*n(c). Calculate i(-6).
-13
Let w(f) be the third derivative of -f**5/60 - 7*f**4/12 - 7*f**3/3 + 372*f**2. Determine w(-11).
19
Let d(k) = -3 + 0*k**2 + 4*k**2 - 3*k**2 - 4*k**2 + 6 + k. What is d(2)?
-7
Let r = 35 + -32. Let h(k) = 6 - 2*k**2 - 10*k + 3*k**2 + 2*k + r. What is h(6)?
-3
Suppose -162*s + 164*s - 10 = 0. Let q(p) = 4*p + 4. What is q(s)?
24
Let b(s) = s**2 + 5*s + 6. Let t(g) = 25 - g - 9 - 6. Let h be t(7). Let y be (-4)/(-3) + (-19)/h. Determine b(y).
6
Let p = -110 + 104. Let g(b) = -b**3 - 5*b**2 + 7*b - 2. Determine g(p).
-8
Suppose 0*n = n - 3. Let d be (3/(-9))/(n/27). Let x(u) = 4*u - 3. Determine x(d).
-15
Let x be -3*(4 + 80/(-24)). Let u(b) = b**3 + 2*b**2 - 5*b - 3. Determine u(x).
7
Let i be (1 - (0 + 0))/(-1). Suppose -2*d + 40 = -0*d - 2*s, -d + 10 = s. Let m(r) = -14 - r**2 + d - 3*r**3 - r**3. Determine m(i).
4
Let v(o) = -o**3 + o**2 - o - 4. Let j be ((-57)/9 + (-2 - -8))*0. What is v(j)?
-4
Let s = 19 + -10. Suppose -14*g = -s*g. Let p(r) = r**2 + r - 12. What is p(g)?
-12
Let j(y) = 0*y - 5 + y - 2*y. Let b = 831 + -836. Determine j(b).
0
Let x(z) = -5*z + 52. Let g be x(11). Let p(n) = -7*n - 10. Give p(g).
11
Let h(s) be the second derivative of s**5/20 + s**4/6 - s**3/2 - s**2 + 167*s. Determine h(-3).
-2
Let l = 15 + -15. Let z(c) = 0*c + l*c + 2 + 4*c - 3*c. Give z(-6).
-4
Let a be (-1)/8*2*-8. Suppose -3*s - 26 = -5*i - 0*s, -a*s - 4 = 0. Let c be i/6 + 90/27. Let r(b) = -2*b + 2. What is r(c)?
-6
Let f(m) = 0*m**2 - m**2 + 3*m - 4*m. Suppose 2*o = -3*z - 7, 0*z + 11 = -4*z - 3*o. Let a be f(z). Let s(l) = -l**3 - 2*l**2 - 2*l - 3. What is s(a)?
1
Let n = -4 - -7. Let x be 3 + 0 + 3/(-3). Let j(y) = 1 + 3 + n - y**x - 4*y - 2*y. Determine j(-6).
7
Let x(c) = -c**2 + 3. Let i = 103 + -99. Suppose -j - j - 2 = -w, -2*j - 2 = -i*w. Calculate x(w).
3
Let d(m) = 2*m**2 - 2*m - 9. Let n be d(4). Suppose -6 - n = -7*q. Let s(v) = -v**3 + 4*v**2 - v - 2. What is s(q)?
4
Let f(h) = 12*h - 1. Let p(o) = -o**2 - 15*o + 2. Let w(b) = -4*f(b) - 3*p(b). Give w(-3).
34
Let h be (6/(-9))/(2/12). Let m(a) be the first derivative of 3/2*a**2 + 1/3*a**3 + 28 - 5*a. Calculate m(h).
-1
Let t(m) be the second derivative of -1/20*m**5 - 7/6*m**3 + 0 + 1/2*m**4 + 7/2*m**2 + 2*m. Let b(z) = z**3 - 86*z**2 + 4*z - 339. Let q be b(86). What is t(q)?
-3
Let v(d) = -27*d + 31. Let l be v(2). Let m(z) = z**3 + 23*z**2 + z + 17. Determine m(l).
-6
Let w(b) = -32 - 2*b**2 - 8 + 62 - 25 + 3*b**2. Let f be (2/(-3))/(4/(-6)). Suppose 11 = 3*j - f. Give w(j).
13
Let h(q) = -q - 5. Suppose 9*r - 4*r = -30. Determine h(r).
1
Let d = -562 + 569. Let r(q) = 2*q**2 - 16*q + 2. Determine r(d).
-12
Let z(l) be the third derivative of -1/4*l**4 + 0*l**3 + 0*l - 5*l**2 + 0. Let d(p) = p**2 + 5*p - 2. Let n be d(-5). What is z(n)?
12
Let r(o) = -2*o - o**2 + 3*o**2 - 430 + o**3 + 434. Calculate r(-3).
1
Suppose -3*u - 14 = -3*h + 1, -2*u + h = 10. Let y(l) = l**3 + 8*l**2 + 12*l - 12. What is y(u)?
3
Let r(a) be the second derivative of a**4/6 + a**3/6 + 7*a. Suppose 2*b = 2*j, 5*j - 12 = -2*b + 9. Suppose 5*q = -b*s - 0*q + 14, 0 = 2*q - 8. Calculate r(s).
6
Let x(m) = 4*m**3 + 8*m**2 - 17*m - 2. Let j(y) = 7*y**3 + 15*y**2 - 29*y - 3. Let l(b) = 3*j(b) - 5*x(b). What is l(-5)?
11
Let c = -13808 + 13815. Let y(w) = 1 + 7 + 0*w + w. Give y(c).
15
Let l(f) = f**2 + f + 1. Suppose 12 = 4*y - 0. Let w(j) = -3 + y + 8*j + j**2 - 4*j. Let r(z) = -2*l(z) + w(z). Calculate r(2).
-2
Let j(r) = -11*r**2 - 4*r. Let n(x) be the first derivative of 7*x**3/3 + 3*x**2/2 - 7. Let d(o) = 5*j(o) + 8*n(o). What is d(-3)?
-3
Let v(f) = f**2 + 4*f. Let i be v(-4). Let k be i + 9/(-6)*-2. Let p(r) = -k*r - 3 - 2*r**2 + 8*r**2 - 10*r**2. Give p(-2).
-13
Let p(r) = r + 8. Let g(k) = 4*k**2 + 44*k. Let x be g(-11). Give p(x).
8
Let y(l) = 5*l**3 - 9*l**2 - 8*l + 13. Let h(j) = 3*j**3 - j**2 - j + 2. Let k(u) = -2*h(u) + y(u). Give k(-6).
9
Let l(v) be the third derivative of v**6/120 + v**5/15 - 5*v**4/24 - 7*v**3/6 - 11*v**2. Suppose -5*z + 2*f = 7 + 12, -4*z = 3*f + 29. Give l(z).
-7
Let w(g) = g**2 + 17*g + 17. Let v be w(-16). Let n be (2/(1/v))/((-2)/(-6)). Let a(k) = k**2 - 7*k + 8. Calculate a(n).
2
Suppose -5 = -v, -2*h = -9*v + 4*v + 11. Suppose -3*f + h*f = -8. Let y be f + 2 + 0 + 4. Let c(r) = r - 2. Calculate c(y).
2
Let o(l) = -1 + 11*l - 4*l - l - 2*l. What is o(1)?
3
Let m(j) = -j**2 - 6*j - 3. Suppose -1 = -2*t + 1. Let h be 